{"id":97,"date":"2019-03-14T16:12:28","date_gmt":"2019-03-14T16:12:28","guid":{"rendered":"http:\/\/www.mentoriatutoria.pt\/?page_id=97"},"modified":"2020-08-20T17:25:57","modified_gmt":"2020-08-20T17:25:57","slug":"como-surgiu","status":"publish","type":"page","link":"http:\/\/www.mentoriatutoria.pt\/?page_id=97","title":{"rendered":"Enquadramento"},"content":{"rendered":"\n<p>No decurso do  <a rel=\"noreferrer noopener\" aria-label=\" (abre num novo separador)\" href=\"https:\/\/sigarra.up.pt\/fpceup\/pt\/noticias_geral.ver_noticia?p_nr=38677\" target=\"_blank\">I Semin\u00e1rio Internacional de Mentoria \u2013 viv\u00eancias e pr\u00e1ticas de Mentoria no Ensino Superior<\/a>, realizado em junho de 2018, por iniciativa da <a href=\"https:\/\/sigarra.up.pt\/fpceup\/pt\/web_base.gera_pagina?p_pagina=mentoria\">Mentoria FPCEUP,<\/a> foram debatidas a <strong>Carta de Mentoria | Tutoria Interpares \u2013 Princ\u00edpios Orientadores para a Integra\u00e7\u00e3o e Viv\u00eancia Solid\u00e1rias no Ensino Superior<\/strong> e a cria\u00e7\u00e3o de uma <strong>Rede Portuguesa de Mentoria | Tutoria<\/strong>, constitu\u00edda pelos participantes interessados, e que pudesse, no futuro, ser alargada a outros projetos e programas, permitindo a cria\u00e7\u00e3o e aprofundamento de la\u00e7os e a continua\u00e7\u00e3o da partilha de experi\u00eancias.<\/p>\n\n\n\n<p>Na sequ\u00eancia deste debate, dispositivos de mentoria\/tutoria interpares portugueses que nele participaram, e que apresentaram propostas efetivas de reda\u00e7\u00e3o e melhoria global dos documentos, reuniram-se na <a rel=\"noreferrer noopener\" aria-label=\" (abre num novo separador)\" href=\"http:\/\/www.ua.pt\" target=\"_blank\">Universidade de Aveiro<\/a>, em setembro de 2018. Nessa reuni\u00e3o, os representantes da <a rel=\"noreferrer noopener\" aria-label=\" (abre num novo separador)\" href=\"https:\/\/sigarra.up.pt\/fpceup\/pt\/web_base.gera_pagina?p_pagina=mentoria\" target=\"_blank\">Mentoria FPCEUP<\/a>, do Programa de Tutoria da UA, do <a rel=\"noreferrer noopener\" aria-label=\"Programa de Tutoria da UTAD (abre num novo separador)\" href=\"https:\/\/www.utad.pt\/tutoria\/\" target=\"_blank\">Programa de Tutoria da UTAD<\/a>, do <a rel=\"noreferrer noopener\" aria-label=\"Programa CIVIL'in da FEUP (abre num novo separador)\" href=\"https:\/\/civilin7.wixsite.com\/decivil\" target=\"_blank\">Programa CIVIL&#8217;in da FEUP<\/a> e do <a rel=\"noreferrer noopener\" aria-label=\"Projeto Mentoring da FMUL (abre num novo separador)\" href=\"http:\/\/www.medicina.ulisboa.pt\/menu-topo\/alunos\/gab_apoio_estudante\/mentoring\/\" target=\"_blank\">Projeto Mentoring da FMUL<\/a> procederam \u00e0 revis\u00e3o final dos documentos e decidiram propor \u00e0s respetivas institui\u00e7\u00f5es:<\/p>\n\n\n\n<ul class=\"wp-block-list\"><li> a subscri\u00e7\u00e3o da <strong>Carta de Mentoria | Tutoria Interpares \u2013 princ\u00edpios orientadores para a integra\u00e7\u00e3o e viv\u00eancia solid\u00e1rias no ensino superior<\/strong>; <\/li><li>a cria\u00e7\u00e3o de uma <strong>Rede Portuguesa de Mentoria | Tutoria Interpares no Ensino Superior<\/strong>, aberta a todos os projetos de Mentoria\/Tutoria Interpares no Ensino Superior que subscrevam a \u201cCarta\u201d e nela pretendam participar.<\/li><\/ul>\n\n\n\n<p>A formaliza\u00e7\u00e3o da Rede Portuguesa de Mentoria | Tutoria Interpares no Ensino Superior decorreu a 27 de mar\u00e7o de 2019, na Universidade de Tr\u00e1s-os-Montes e Alto Douro, na presen\u00e7a de representantes das institui\u00e7\u00f5es fundadoras e do Secret\u00e1rio de Estado da Ci\u00eancia, Tecnologia e Ensino Superior, Jo\u00e3o Sobrinho Teixeira. <\/p>\n","protected":false},"excerpt":{"rendered":"<p>No decurso do I Semin\u00e1rio Internacional de Mentoria \u2013 viv\u00eancias e pr\u00e1ticas de Mentoria no Ensino Superior, realizado em junho de 2018, por iniciativa da Mentoria FPCEUP, foram debatidas a Carta de Mentoria | Tutoria Interpares \u2013 Princ\u00edpios Orientadores para a Integra\u00e7\u00e3o e Viv\u00eancia Solid\u00e1rias no Ensino Superior e a cria\u00e7\u00e3o de uma Rede Portuguesa&hellip;&nbsp;<a href=\"http:\/\/www.mentoriatutoria.pt\/?page_id=97\" rel=\"bookmark\">Ler mais &raquo;<span class=\"screen-reader-text\">Enquadramento<\/span><\/a><\/p>\n","protected":false},"author":7,"featured_media":0,"parent":0,"menu_order":0,"comment_status":"closed","ping_status":"closed","template":"template-fullwidth.php","meta":{"neve_meta_sidebar":"","neve_meta_container":"","neve_meta_enable_content_width":"","neve_meta_content_width":0,"neve_meta_title_alignment":"","neve_meta_author_avatar":"","neve_post_elements_order":"","neve_meta_disable_header":"","neve_meta_disable_footer":"","neve_meta_disable_title":"","_themeisle_gutenberg_block_has_review":false,"footnotes":""},"class_list":["post-97","page","type-page","status-publish","hentry"],"_links":{"self":[{"href":"http:\/\/www.mentoriatutoria.pt\/index.php?rest_route=\/wp\/v2\/pages\/97","targetHints":{"allow":["GET"]}}],"collection":[{"href":"http:\/\/www.mentoriatutoria.pt\/index.php?rest_route=\/wp\/v2\/pages"}],"about":[{"href":"http:\/\/www.mentoriatutoria.pt\/index.php?rest_route=\/wp\/v2\/types\/page"}],"author":[{"embeddable":true,"href":"http:\/\/www.mentoriatutoria.pt\/index.php?rest_route=\/wp\/v2\/users\/7"}],"replies":[{"embeddable":true,"href":"http:\/\/www.mentoriatutoria.pt\/index.php?rest_route=%2Fwp%2Fv2%2Fcomments&post=97"}],"version-history":[{"count":14,"href":"http:\/\/www.mentoriatutoria.pt\/index.php?rest_route=\/wp\/v2\/pages\/97\/revisions"}],"predecessor-version":[{"id":2013,"href":"http:\/\/www.mentoriatutoria.pt\/index.php?rest_route=\/wp\/v2\/pages\/97\/revisions\/2013"}],"wp:attachment":[{"href":"http:\/\/www.mentoriatutoria.pt\/index.php?rest_route=%2Fwp%2Fv2%2Fmedia&parent=97"}],"curies":[{"name":"wp","href":"https:\/\/api.w.org\/{rel}","templated":true}]}}

<p>No decurso do  <a rel="noreferrer noopener" aria-label=" (abre num novo separador)" href="https://sigarra.up.pt/fpceup/pt/noticias_geral.ver_noticia?p_nr=38677" target="_blank">I Seminário Internacional de Mentoria – vivências e práticas de Mentoria no Ensino Superior</a>, realizado em junho de 2018, por iniciativa da <a href="https://sigarra.up.pt/fpceup/pt/web_base.gera_pagina?p_pagina=mentoria">Mentoria FPCEUP,</a> foram debatidas a <strong>Carta de Mentoria | Tutoria Interpares – Princípios Orientadores para a Integração e Vivência Solidárias no Ensino Superior</strong> e a criação de uma <strong>Rede Portuguesa de Mentoria | Tutoria</strong>, constituída pelos participantes interessados, e que pudesse, no futuro, ser alargada a outros projetos e programas, permitindo a criação e aprofundamento de laços e a continuação da partilha de experiências.</p>



<p>Na sequência deste debate, dispositivos de mentoria/tutoria interpares portugueses que nele participaram, e que apresentaram propostas efetivas de redação e melhoria global dos documentos, reuniram-se na <a rel="noreferrer noopener" aria-label=" (abre num novo separador)" href="http://www.ua.pt" target="_blank">Universidade de Aveiro</a>, em setembro de 2018. Nessa reunião, os representantes da <a rel="noreferrer noopener" aria-label=" (abre num novo separador)" href="https://sigarra.up.pt/fpceup/pt/web_base.gera_pagina?p_pagina=mentoria" target="_blank">Mentoria FPCEUP</a>, do Programa de Tutoria da UA, do <a rel="noreferrer noopener" aria-label="Programa de Tutoria da UTAD (abre num novo separador)" href="https://www.utad.pt/tutoria/" target="_blank">Programa de Tutoria da UTAD</a>, do <a rel="noreferrer noopener" aria-label="Programa CIVIL'in da FEUP (abre num novo separador)" href="https://civilin7.wixsite.com/decivil" target="_blank">Programa CIVIL&#8217;in da FEUP</a> e do <a rel="noreferrer noopener" aria-label="Projeto Mentoring da FMUL (abre num novo separador)" href="http://www.medicina.ulisboa.pt/menu-topo/alunos/gab_apoio_estudante/mentoring/" target="_blank">Projeto Mentoring da FMUL</a> procederam à revisão final dos documentos e decidiram propor às respetivas instituições:</p>



<ul class="wp-block-list"><li> a subscrição da <strong>Carta de Mentoria | Tutoria Interpares – princípios orientadores para a integração e vivência solidárias no ensino superior</strong>; </li><li>a criação de uma <strong>Rede Portuguesa de Mentoria | Tutoria Interpares no Ensino Superior</strong>, aberta a todos os projetos de Mentoria/Tutoria Interpares no Ensino Superior que subscrevam a “Carta” e nela pretendam participar.</li></ul>



<p>A formalização da Rede Portuguesa de Mentoria | Tutoria Interpares no Ensino Superior decorreu a 27 de março de 2019, na Universidade de Trás-os-Montes e Alto Douro, na presença de representantes das instituições fundadoras e do Secretário de Estado da Ciência, Tecnologia e Ensino Superior, João Sobrinho Teixeira. </p>

<p>No decurso do I Seminário Internacional de Mentoria – vivências e práticas de Mentoria no Ensino Superior, realizado em junho de 2018, por iniciativa da Mentoria FPCEUP, foram debatidas a Carta de Mentoria | Tutoria Interpares – Princípios Orientadores para a Integração e Vivência Solidárias no Ensino Superior e a criação de uma Rede Portuguesa&hellip;&nbsp;<a href="http://www.mentoriatutoria.pt/?page_id=97" rel="bookmark">Ler mais &raquo;<span class="screen-reader-text">Enquadramento</span></a></p>
