{"id":508,"date":"2019-03-20T14:24:46","date_gmt":"2019-03-20T14:24:46","guid":{"rendered":"http:\/\/www.mentoriatutoria.pt\/?page_id=508"},"modified":"2025-12-16T16:03:22","modified_gmt":"2025-12-16T16:03:22","slug":"home","status":"publish","type":"page","link":"http:\/\/www.mentoriatutoria.pt\/","title":{"rendered":"home"},"content":{"rendered":"\n<div class=\"wp-block-columns alignfull is-layout-flex wp-container-core-columns-is-layout-9d6595d7 wp-block-columns-is-layout-flex\">\n<div class=\"wp-block-column is-layout-flow wp-block-column-is-layout-flow\" style=\"flex-basis:66.66%\">\n<figure class=\"wp-block-image size-full\"><img loading=\"lazy\" decoding=\"async\" width=\"2560\" height=\"1440\" src=\"http:\/\/www.mentoriatutoria.pt\/wp-content\/uploads\/2021\/02\/IMG_9784-scaled.jpg\" alt=\"\" class=\"wp-image-2539\" srcset=\"http:\/\/www.mentoriatutoria.pt\/wp-content\/uploads\/2021\/02\/IMG_9784-scaled.jpg 2560w, http:\/\/www.mentoriatutoria.pt\/wp-content\/uploads\/2021\/02\/IMG_9784-300x169.jpg 300w, http:\/\/www.mentoriatutoria.pt\/wp-content\/uploads\/2021\/02\/IMG_9784-1024x576.jpg 1024w, http:\/\/www.mentoriatutoria.pt\/wp-content\/uploads\/2021\/02\/IMG_9784-768x432.jpg 768w, http:\/\/www.mentoriatutoria.pt\/wp-content\/uploads\/2021\/02\/IMG_9784-1536x864.jpg 1536w, http:\/\/www.mentoriatutoria.pt\/wp-content\/uploads\/2021\/02\/IMG_9784-2048x1152.jpg 2048w\" sizes=\"auto, (max-width: 2560px) 100vw, 2560px\" \/><\/figure>\n<\/div>\n\n\n\n<div class=\"wp-block-column has-nv-site-bg-color has-custom-1-background-color has-text-color has-background has-link-color wp-elements-ba948387554f536cb069abe792721c7d is-layout-flow wp-block-column-is-layout-flow\" style=\"padding-right:var(--wp--preset--spacing--50);padding-left:var(--wp--preset--spacing--50);flex-basis:33.33%\">\n<h1 class=\"wp-block-heading\"><br>Bem-vindo \u00e0 Rede Portuguesa de Mentoria | Tutoria<\/h1>\n<\/div>\n<\/div>\n\n\n\n<div class=\"wp-block-columns alignfull is-layout-flex wp-container-core-columns-is-layout-abbe5815 wp-block-columns-is-layout-flex\" style=\"padding-top:0;padding-right:0;padding-bottom:0;padding-left:0\">\n<div class=\"wp-block-column colunas has-nv-c-1-background-color has-background is-layout-flow wp-block-column-is-layout-flow\" style=\"padding-right:var(--wp--preset--spacing--40);padding-left:var(--wp--preset--spacing--40)\">\n<div style=\"height:50px\" aria-hidden=\"true\" class=\"wp-block-spacer\"><\/div>\n\n\n\n<h2 class=\"wp-block-heading has-white-color has-text-color has-link-color wp-elements-db90a70252d1d5025764f31a70159b9e\">Novas subscri\u00e7\u00f5es da carta<\/h2>\n\n\n\n<p class=\"has-white-color has-text-color has-link-color wp-elements-fdc7ab93eea742a888f17d3711bca182\">Carta de Mentoria | Tutoria aberta \u00e0 subscri\u00e7\u00e3o de institui\u00e7\u00f5es de Ensino Superior<\/p>\n\n\n\n<div class=\"wp-block-buttons is-content-justification-center is-layout-flex wp-container-core-buttons-is-layout-16018d1d wp-block-buttons-is-layout-flex\">\n<div class=\"wp-block-button has-custom-font-size has-small-font-size\"><a class=\"wp-block-button__link has-black-color has-white-background-color has-text-color has-background has-link-color wp-element-button\" href=\"http:\/\/www.mentoriatutoria.pt\/?page_id=937\" style=\"border-radius:25px;padding-top:var(--wp--preset--spacing--40);padding-right:var(--wp--preset--spacing--50);padding-bottom:var(--wp--preset--spacing--40);padding-left:var(--wp--preset--spacing--50)\">Subscrever<\/a><\/div>\n<\/div>\n\n\n\n<div style=\"height:50px\" aria-hidden=\"true\" class=\"wp-block-spacer\"><\/div>\n<\/div>\n\n\n\n<div class=\"wp-block-column colunas has-nv-c-2-background-color has-background is-layout-flow wp-block-column-is-layout-flow\" style=\"padding-top:0;padding-right:var(--wp--preset--spacing--40);padding-bottom:0;padding-left:var(--wp--preset--spacing--40);flex-basis:50%\">\n<div style=\"height:50px\" aria-hidden=\"true\" class=\"wp-block-spacer\"><\/div>\n\n\n\n<h2 class=\"wp-block-heading has-white-color has-text-color has-link-color wp-elements-964d6b127ae4f1e9774c0fe06a59809a\">Novas ades\u00f5es \u00e0 rede<\/h2>\n\n\n\n<p class=\"has-white-color has-text-color has-link-color wp-elements-55c3b97b75db22709ff970589930a26b\">Rede aberta \u00e0 ades\u00e3o de Institui\u00e7\u00f5es de Ensino Superior<\/p>\n\n\n\n<div class=\"wp-block-buttons is-content-justification-center is-layout-flex wp-container-core-buttons-is-layout-16018d1d wp-block-buttons-is-layout-flex\">\n<div class=\"wp-block-button has-custom-font-size is-style-fill has-small-font-size\"><a class=\"wp-block-button__link has-black-color has-white-background-color has-text-color has-background has-link-color wp-element-button\" href=\"http:\/\/www.mentoriatutoria.pt\/?page_id=208\" style=\"border-radius:25px;padding-top:var(--wp--preset--spacing--40);padding-right:var(--wp--preset--spacing--50);padding-bottom:var(--wp--preset--spacing--40);padding-left:var(--wp--preset--spacing--50)\">Aderir<\/a><\/div>\n<\/div>\n\n\n\n<div style=\"height:50px\" aria-hidden=\"true\" class=\"wp-block-spacer\"><\/div>\n<\/div>\n<\/div>\n\n\n\n<p>Consulta p\u00fablica ao Regulamento da Rede Portuguesa de Mentoria\/Tutoria Interpares no Ensino Superior <a href=\"https:\/\/diariodarepublica.pt\/dr\/detalhe\/aviso\/30500-2025-986438969\">+info<\/a><\/p>\n","protected":false},"excerpt":{"rendered":"<p>Bem-vindo \u00e0 Rede Portuguesa de Mentoria | Tutoria Novas subscri\u00e7\u00f5es da carta Carta de Mentoria | Tutoria aberta \u00e0 subscri\u00e7\u00e3o de institui\u00e7\u00f5es de Ensino Superior Novas ades\u00f5es \u00e0 rede Rede aberta \u00e0 ades\u00e3o de Institui\u00e7\u00f5es de Ensino Superior Consulta p\u00fablica ao Regulamento da Rede Portuguesa de Mentoria\/Tutoria Interpares no Ensino Superior +info<\/p>\n","protected":false},"author":7,"featured_media":0,"parent":0,"menu_order":0,"comment_status":"closed","ping_status":"closed","template":"","meta":{"neve_meta_sidebar":"","neve_meta_container":"","neve_meta_enable_content_width":"","neve_meta_content_width":0,"neve_meta_title_alignment":"","neve_meta_author_avatar":"","neve_post_elements_order":"","neve_meta_disable_header":"off","neve_meta_disable_footer":"","neve_meta_disable_title":"on","_themeisle_gutenberg_block_has_review":false,"footnotes":""},"class_list":["post-508","page","type-page","status-publish","hentry"],"_links":{"self":[{"href":"http:\/\/www.mentoriatutoria.pt\/index.php?rest_route=\/wp\/v2\/pages\/508","targetHints":{"allow":["GET"]}}],"collection":[{"href":"http:\/\/www.mentoriatutoria.pt\/index.php?rest_route=\/wp\/v2\/pages"}],"about":[{"href":"http:\/\/www.mentoriatutoria.pt\/index.php?rest_route=\/wp\/v2\/types\/page"}],"author":[{"embeddable":true,"href":"http:\/\/www.mentoriatutoria.pt\/index.php?rest_route=\/wp\/v2\/users\/7"}],"replies":[{"embeddable":true,"href":"http:\/\/www.mentoriatutoria.pt\/index.php?rest_route=%2Fwp%2Fv2%2Fcomments&post=508"}],"version-history":[{"count":13,"href":"http:\/\/www.mentoriatutoria.pt\/index.php?rest_route=\/wp\/v2\/pages\/508\/revisions"}],"predecessor-version":[{"id":2967,"href":"http:\/\/www.mentoriatutoria.pt\/index.php?rest_route=\/wp\/v2\/pages\/508\/revisions\/2967"}],"wp:attachment":[{"href":"http:\/\/www.mentoriatutoria.pt\/index.php?rest_route=%2Fwp%2Fv2%2Fmedia&parent=508"}],"curies":[{"name":"wp","href":"https:\/\/api.w.org\/{rel}","templated":true}]}}